is the ten thousands digit of 328528891?
2
What is the hundreds digit of 126662262?
2
What is the ten thousands digit of 31215754?
1
What is the tens digit of 254273920?
2
What is the units digit of 48862438?
8
What is the tens digit of 4628597147?
4
What is the millions digit of 446166380?
6
What is the hundred thousands digit of 30840856?
8
What is the hundred thousands digit of 54547515?
5
What is the thousands digit of 16357635?
7
What is the thousands digit of 1838454?
8
What is the ten thousands digit of 46690514?
9
What is the hundred thousands digit of 28209871?
2
What is the tens digit of 5655244108?
0
What is the thousands digit of 88858015?
8
What is the thousands digit of 10370671?
0
What is the units digit of 18932106?
6
What is the hundred millions digit of 1019982179?
0
What is the units digit of 47421253?
3
What is the hundred millions digit of 261590417?
2
What is the ten millions digit of 26344010?
2
What is the tens digit of 233457730?
3
What is the hundred millions digit of 1817467453?
8
What is the hundred thousands digit of 441493165?
4
What is the ten thousands digit of 43556426?
5
What is the ten thousands digit of 216684555?
8
What is the millions digit of 23871287?
3
What is the tens digit of 2511313665?
6
What is the millions digit of 46601455?
6
What is the thousands digit of 36301440?
1
What is the hundred thousands digit of 3967098482?
0
What is the units digit of 2068445624?
4
What is the units digit of 4125174865?
5
What is the hundreds digit of 639878024?
0
What is the tens digit of 2794023979?
7
What is the tens digit of 820266481?
8
What is the millions digit of 2534691295?
4
What is the millions digit of 218082409?
8
What is the units digit of 466554932?
2
What is the units digit of 1147764217?
7
What is the hundred millions digit of 200085517?
2
What is the ten thousands digit of 2040599059?
9
What is the thousands digit of 549618412?
8
What is the tens digit of 151911885?
8
What is the millions digit of 3382795381?
2
What is the hundred thousands digit of 1085395958?
3
What is the tens digit of 41722311?
1
What is the ten millions digit of 78226987?
7
What is the ten millions digit of 153685126?
5
What is the hundreds digit of 643105927?
9
What is the hundred thousands digit of 108567079?
5
What is the millions digit of 6003131?
6
What is the millions digit of 14834924?
4
What is the hundreds digit of 3726713142?
1
What is the ten millions digit of 383811031?
8
What is the thousands digit of 261611061?
1
What is the units digit of 175514937?
7
What is the millions digit of 470241985?
0
What is the millions digit of 170922086?
0
What is the tens digit of 964882556?
5
What is the thousands digit of 38607017?
7
What is the units digit of 35622779?
9
What is the thousands digit of 679380623?
0
What is the hundreds digit of 1674132?
1
What is the millions digit of 4522493?
4
What is the ten millions digit of 1772306543?
7
What is the units digit of 1429484659?
9
What is the ten millions digit of 296499969?
9
What is the tens digit of 24926725?
2
What is the hundred thousands digit of 16461268?
4
What is the ten thousands digit of 24884535?
8
What is the tens digit of 69831071?
7
What is the hundred millions digit of 625744819?
6
What is the hundred thousands digit of 89566735?
5
What is the thousands digit of 4335964074?
4
What is the ten millions digit of 930463517?
3
What is the hundred millions digit of 729949121?
7
What is the hundreds digit of 85857570?
5
What is the units digit of 5166219068?
8
What is the billions digit of 5922251031?
5
What is the units digit of 2772294735?
5
What is the hundreds digit of 6945618?
6
What is the thousands digit of 248660010?
0
What is the millions digit of 212284354?
2
What is the hundred millions digit of 322327812?
3
What is the millions digit of 1719407814?
9
What is the ten thousands digit of 172960038?
6
What is the thousands digit of 178202676?
2
What is the hundred thousands digit of 68082952?
0
What is the ten millions digit of 2132045703?
3
What is the hundred millions digit of 6004016456?
0
What is the billions digit of 1749522784?
1
What is the tens digit of 762664700?
0
What is the hundred thousands digit of 1022174156?
1
What is the hundred millions digit of 180673364?
1
What is the ten millions digit of 217871443?
1
What is the millions digit of 31352693?
1
What is the tens digit of 112773821?
2
What is the tens digit of 108995814?
1
What is the millions digit of 122545296?
2
What is the units digit of 4590753256?
6
What is the millions digit of 122438342?
2
What is the ten millions digit of 229882703?
2
What is the ten thousands digit of 485945647?
4
What is the hundred thousands digit of 213655128?
6
What is the hundred thousands digit of 15033544?
0
What is the millions digit of 1627931659?
7
What is the units digit of 477740334?
4
What is the hundred millions digit of 1635174734?
6
What is the hundreds digit of 1497074262?
2
What is the millions digit of 39636693?
9
What is the thousands digit of 902055045?
5
What is the ten thousands digit of 774366197?
6
What is the hundred thousands digit of 942620168?
6
What is the units digit of 614369364?
4
What is the hundred thousands digit of 270585?
2
What is the hundred thousands digit of 750438866?
4
What is the hundred thousands digit of 160713100?
7
What is the hundred millions digit of 144170768?
1
What is the units digit of 98162623?
3
What is the ten millions digit of 201535073?
0
What is the ten thousands digit of 8915757216?
5
What is the thousands digit of 465568793?
8
What is the hundred millions digit of 344549400?
3
What is the tens digit of 34976406?
0
What is the hundred millions digit of 324775278?
3
What is the hundred thousands digit of 116593081?
5
What is the millions digit of 64790967?
4
What is the hundreds digit of 2251741713?
7
What is the hundreds digit of 50877319?
3
What is the hundreds digit of 269977632?
6
What is the thousands digit of 2523391413?
1
What is the ten thousands digit of 53571909?
7
What is the ten millions digit of 3271396123?
7
What is the units digit of 104042110?
0
What is the ten thousands digit of 549514706?
1
What is the ten millions digit of 3384658994?
8
What is the hundred thousands digit of 22225375?
2
What is the tens digit of 862282211?
1
What is the ten thousands digit of 125751495?
5
What is the hundred thousands digit of 5979223618?
2
What is the ten millions digit of 1457320326?
5
What is the millions digit of 125140689?
5
What is the hundreds digit of 269192438?
4
What is the ten thousands digit of 173214536?
1
What is the units digit of 101727900?
0
What is the units digit of 383115828?
8
What is the ten thousands digit of 64578653?
7
What is the units digit of 8893081?
1
What is the ten thousands digit of 392745803?
4
What is the thousands digit of 89665184?
5
What is the hundreds digit of 34483459?
4
What is the hundreds digit of 2127489986?
9
What is the hundred thousands digit of 128402037?
4
What is the units digit of 508800499?
9
What is the billions digit of 6235224629?
6
What is the ten thousands digit of 3541403882?
0
What is the hundred millions digit of 5664553085?
6
What is the ten thousands digit of 6557038?
5
What is the tens digit of 3776843154?
5
What is the ten millions digit of 402455306?
0
What is the hundreds digit of 7491719639?
6
What is the tens digit of 4513231661?
6
What is the millions digit of 28537632?
8
What is the hundred thousands digit of 5850996?
8
What is the millions digit of 371334547?
1
What is the hundreds digit of 464252343?
3
What is the hundred thousands digit of 51467981?
4
What is the tens digit of 5161104?
0
What is the ten thousands digit of 78950992?
5
What is the millions digit of 801504922?
1
What is the thousands digit of 2750787210?
7
What is the hundred millions digit of 3115172818?
1
What is the ten thousands digit of 80468731?
6
What is the tens digit of 1448481443?
4
What is the hundred thousands digit of 85285077?
2
What is the thousands digit of 444093614?
3
What is the billions digit of 3671112789?
3
What is the ten millions digit of 2424175127?
2
What is the hundred thousands digit of 1541236377?
2
What is the hundreds digit of 2687782?
7
What is the hundred thousands digit of 2151165920